hundreds digit of 43770?
7
What is the thousands digit of 4739?
4
What is the tens digit of 2367?
6
What is the tens digit of 41864?
6
What is the units digit of 1433?
3
What is the hundreds digit of 638?
6
What is the units digit of 2534?
4
What is the thousands digit of 12410?
2
What is the thousands digit of 5437?
5
What is the thousands digit of 126037?
6
What is the units digit of 578?
8
What is the thousands digit of 1657?
1
What is the units digit of 316?
6
What is the thousands digit of 1340?
1
What is the tens digit of 46556?
5
What is the hundreds digit of 28820?
8
What is the units digit of 11525?
5
What is the hundreds digit of 6678?
6
What is the units digit of 848?
8
What is the units digit of 23177?
7
What is the hundreds digit of 10399?
3
What is the units digit of 1273?
3
What is the tens digit of 3032?
3
What is the thousands digit of 1390?
1
What is the thousands digit of 1846?
1
What is the thousands digit of 23097?
3
What is the units digit of 1735?
5
What is the hundreds digit of 6904?
9
What is the units digit of 1724?
4
What is the hundreds digit of 1537?
5
What is the hundreds digit of 39837?
8
What is the units digit of 3316?
6
What is the hundreds digit of 747?
7
What is the thousands digit of 1092?
1
What is the units digit of 25356?
6
What is the thousands digit of 3711?
3
What is the units digit of 887?
7
What is the hundreds digit of 458?
4
What is the tens digit of 1204?
0
What is the thousands digit of 2472?
2
What is the ten thousands digit of 65338?
6
What is the hundreds digit of 333?
3
What is the hundreds digit of 9616?
6
What is the units digit of 18907?
7
What is the thousands digit of 1450?
1
What is the units digit of 1448?
8
What is the units digit of 1704?
4
What is the tens digit of 15325?
2
What is the tens digit of 386?
8
What is the tens digit of 1869?
6
What is the units digit of 19395?
5
What is the hundreds digit of 428?
4
What is the units digit of 1123?
3
What is the tens digit of 4219?
1
What is the ten thousands digit of 82428?
8
What is the tens digit of 5436?
3
What is the units digit of 81697?
7
What is the tens digit of 5313?
1
What is the thousands digit of 4740?
4
What is the tens digit of 47429?
2
What is the hundreds digit of 512?
5
What is the thousands digit of 1191?
1
What is the tens digit of 1363?
6
What is the hundreds digit of 4162?
1
What is the tens digit of 104673?
7
What is the units digit of 3976?
6
What is the tens digit of 3015?
1
What is the hundreds digit of 10421?
4
What is the units digit of 71374?
4
What is the ten thousands digit of 46469?
4
What is the thousands digit of 1242?
1
What is the tens digit of 13401?
0
What is the thousands digit of 1135?
1
What is the thousands digit of 11311?
1
What is the units digit of 10120?
0
What is the thousands digit of 47555?
7
What is the ten thousands digit of 44554?
4
What is the units digit of 7003?
3
What is the tens digit of 1826?
2
What is the units digit of 4008?
8
What is the thousands digit of 5466?
5
What is the units digit of 4799?
9
What is the thousands digit of 4105?
4
What is the tens digit of 7217?
1
What is the tens digit of 924?
2
What is the hundreds digit of 10085?
0
What is the units digit of 1194?
4
What is the units digit of 31211?
1
What is the units digit of 772?
2
What is the hundreds digit of 197?
1
What is the units digit of 10581?
1
What is the tens digit of 9719?
1
What is the units digit of 125522?
2
What is the hundreds digit of 20420?
4
What is the units digit of 9520?
0
What is the tens digit of 1099?
9
What is the tens digit of 1276?
7
What is the tens digit of 53?
5
What is the thousands digit of 1107?
1
What is the tens digit of 14387?
8
What is the units digit of 955?
5
What is the hundreds digit of 1696?
6
What is the units digit of 734?
4
What is the hundreds digit of 12905?
9
What is the ten thousands digit of 30132?
3
What is the units digit of 12?
2
What is the tens digit of 2228?
2
What is the tens digit of 9058?
5
What is the thousands digit of 3607?
3
What is the units digit of 9063?
3
What is the thousands digit of 33419?
3
What is the tens digit of 9497?
9
What is the tens digit of 650?
5
What is the ten thousands digit of 59945?
5
What is the thousands digit of 6581?
6
What is the units digit of 865?
5
What is the thousands digit of 2957?
2
What is the units digit of 81932?
2
What is the units digit of 407?
7
What is the thousands digit of 1321?
1
What is the units digit of 66747?
7
What is the tens digit of 4529?
2
What is the units digit of 37573?
3
What is the ten thousands digit of 28174?
2
What is the thousands digit of 2029?
2
What is the thousands digit of 77134?
7
What is the units digit of 166713?
3
What is the hundreds digit of 364?
3
What is the units digit of 808?
8
What is the units digit of 18722?
2
What is the units digit of 7447?
7
What is the ten thousands digit of 111297?
1
What is the units digit of 38457?
7
What is the tens digit of 862?
6
What is the thousands digit of 35854?
5
What is the hundreds digit of 1361?
3
What is the thousands digit of 1806?
1
What is the ten thousands digit of 15332?
1
What is the units digit of 673?
3
What is the units digit of 192?
2
What is the tens digit of 14046?
4
What is the hundreds digit of 14485?
4
What is the tens digit of 8181?
8
What is the thousands digit of 1755?
1
What is the units digit of 53525?
5
What is the hundreds digit of 143636?
6
What is the ten thousands digit of 16874?
1
What is the tens digit of 2550?
5
What is the units digit of 934?
4
What is the tens digit of 4664?
6
What is the thousands digit of 20922?
0
What is the tens digit of 15080?
8
What is the units digit of 1894?
4
What is the tens digit of 78?
7
What is the units digit of 402?
2
What is the ten thousands digit of 34683?
3
What is the tens digit of 1851?
5
What is the tens digit of 5223?
2
What is the tens digit of 13684?
8
What is the units digit of 3180?
0
What is the thousands digit of 1124?
1
What is the units digit of 6816?
6
What is the hundreds digit of 50611?
6
What is the ten thousands digit of 32471?
3
What is the tens digit of 3616?
1
What is the tens digit of 29693?
9
What is the hundreds digit of 6203?
2
What is the units digit of 7439?
9
What is the units digit of 9347?
7
What is the thousands digit of 4835?
4
What is the thousands digit of 103907?
3
What is the thousands digit of 3434?
3
What is the units digit of 4598?
8
What is the tens digit of 5590?
9
What is the thousands digit of 2906?
2
What is the tens digit of 1697?
9
What is the hundreds digit of 341?
3
What is the hundreds digit of 4711?
7
What is the thousands digit of 70242?
0
What is the tens digit of 5349?
4
What is the units digit of 11935?
5
What is the hundreds digit of 20550?
5
What is the thousands digit of 7370?
7
What is the hundreds digit of 4100?
1
What is the tens digit of 563?
6
What is the units digit of 63267?
7
What is the tens digit of 85446?
4
What is the units digit of 3059?
9
What is the units digit of 1429?
9
What is the tens digit of 953?
5
What is the units digit of 2404?
4
What is the tens digit of 13936?
3
What is the thousands digit of 6648?
6
What is the tens digit of 477?
7
What is the hundreds digit of 3567?
5
What is the thousands digit of 2079?
2
What is the units digit of 39364?
4
What is the tens digit of 14265?
6
What is the tens digit of 907?
0
What is the thousands digit of 5667?
5
What is the tens digit of 554?
5
What is the thousands digit of 1356?
1
What is the hundreds digit of 3508?
5
What is the hundreds digit of 20104?
1
What is the thousands digit of 1164?
1
What is the thousands digit of 8875?
8
What is the thousands digit of 3739?
3
What is the units digit of 12784?
4
What is the thousands digit of 51412?
1
What is the tens digit of 1389?
8
What is the tens digit of 4434?
3
What is the tens digit of 3379?
7
What is the tens digit of 16230?
3
What is the units digit of 34725?
5
What is the units digit of 3429?
9
What is the hundreds digit of 19338?
3
What is the thousands digit of 8591?
8
What is the tens digit of 46?
4
What is the units digit of 7447?
7
What is the hundreds digit of 11420?
4
What is the thousands digit of 2192?
2
What is the tens digit of 52?
5
What is the units digit of 422?
2
What is the te